is db - 8c?
4f
In base 14, what is 1 - cdc7?
-cdc6
In base 11, what is -4aa8 + -42a?
-5427
In base 12, what is -9a - -225a?
2180
In base 4, what is -3002 - -3202?
200
In base 2, what is 110111000 + -100001110100?
-11010111100
In base 6, what is -4024 + -1420?
-5444
In base 3, what is 10 - 200221121021?
-200221121011
In base 10, what is -4 - -137584?
137580
In base 10, what is -5 - 11293?
-11298
In base 9, what is -37 - -413?
365
In base 11, what is 15 - -7703?
7718
In base 6, what is -21123 + 12?
-21111
In base 3, what is 10120200100222 + 12?
10120200101011
In base 5, what is -122 - 340014?
-340141
In base 13, what is -281a6 + c?
-28197
In base 13, what is -c6 - 2a?
-123
In base 6, what is 10 - 41531035?
-41531025
In base 11, what is -43 - 925?
-968
In base 8, what is 62230 + -2?
62226
In base 12, what is 291 + 2a2?
573
In base 16, what is 70 + 1b2?
222
In base 7, what is -2 - -521555?
521553
In base 13, what is 1 + 10198?
10199
In base 12, what is -10 + a23b3?
a23a3
In base 2, what is -101 - 11100010001101011011?
-11100010001101100000
In base 16, what is d6 + 4?
da
In base 7, what is 51513 + -4?
51506
In base 10, what is -1 - -315408?
315407
In base 3, what is 21222001 + -101201?
21120100
In base 15, what is 8 - 18b?
-183
In base 4, what is -133322110 - 23?
-133322133
In base 13, what is -ac44 - 7?
-ac4b
In base 14, what is b88 + 39?
bc3
In base 13, what is 347c + a?
3489
In base 2, what is 10000011010000 - -1000000000?
10001011010000
In base 13, what is -333b7 - -3c?
-33378
In base 7, what is 44645 - -12?
44660
In base 11, what is -4a - 898?
-937
In base 13, what is 2a72 - 4?
2a6b
In base 16, what is -63 - -124?
c1
In base 12, what is 5 - -53153?
53158
In base 6, what is -20151532 - -2?
-20151530
In base 16, what is e - -207e?
208c
In base 15, what is -104 - -3827?
3723
In base 6, what is 0 - -113555?
113555
In base 8, what is 1424 - 2207?
-563
In base 7, what is 10102236 - -5?
10102244
In base 12, what is 4 - -365824?
365828
In base 8, what is -21135 - 1?
-21136
In base 11, what is 445718 + 0?
445718
In base 6, what is -21423 - -1?
-21422
In base 11, what is 84a2 + -140?
8362
In base 12, what is -45ba53 + -5?
-45ba58
In base 2, what is 1001101100110 + -1110110111?
111110101111
In base 7, what is 3 - -354021?
354024
In base 9, what is -4 + -13701?
-13705
In base 9, what is -8 - 11456?
-11465
In base 10, what is 0 + -73765?
-73765
In base 7, what is -26 + 623212?
623153
In base 16, what is -9b0 + -3?
-9b3
In base 4, what is 112332310 + -3?
112332301
In base 7, what is -1404001 - -3?
-1403665
In base 8, what is -24 + -1660?
-1704
In base 11, what is -156 + 18723?
18578
In base 2, what is -1 + -1001010011101111111?
-1001010011110000000
In base 16, what is -2895 - -3?
-2892
In base 16, what is 0 + -4373?
-4373
In base 13, what is -1b9969 + 1?
-1b9968
In base 4, what is -1 - 23003212?
-23003213
In base 2, what is 100 + 1000011001111?
1000011010011
In base 5, what is 40 + -1041223?
-1041133
In base 11, what is -3 + 222541?
222539
In base 6, what is -10 + -11025121?
-11025131
In base 11, what is 21a8 + 14?
2211
In base 10, what is -975541 + 1?
-975540
In base 8, what is -123431 - 16?
-123447
In base 16, what is 4 - b4648?
-b4644
In base 13, what is -7 + -bb85?
-bb8c
In base 3, what is 102000 + -2112?
22111
In base 5, what is -2202 - -141?
-2011
In base 15, what is 8 + -6927?
-691e
In base 9, what is 8 - 111515?
-111506
In base 13, what is -618 - 55?
-670
In base 4, what is -3132 - 1111?
-10303
In base 14, what is -1 - 63047?
-63048
In base 2, what is -1000001011110000 - 1001?
-1000001011111001
In base 7, what is 565361 - -11?
565402
In base 7, what is 352601 - 5?
352563
In base 13, what is -3 - -39b06?
39b03
In base 14, what is 5 + -18022?
-1801b
In base 8, what is -102 + 2164?
2062
In base 16, what is 14161 - -1?
14162
In base 4, what is -1 + -30212212?
-30212213
In base 9, what is 2417636 - 2?
2417634
In base 2, what is 110001 - -1101111110?
1110101111
In base 10, what is 3 - -39303?
39306
In base 15, what is 31 - -2?
33
In base 2, what is -1010 + -10101110001010000?
-10101110001011010
In base 3, what is 22022010022 + 0?
22022010022
In base 9, what is -6571 - 815?
-7486
In base 16, what is -102f + -7?
-1036
In base 14, what is 7 - -675?
67c
In base 14, what is -11b + 18d8?
17bb
In base 5, what is -110101234 - 3?
-110101242
In base 4, what is -11303201 + -2023?
-11311230
In base 11, what is 3 - 134637?
-134634
In base 9, what is -4 - 13337?
-13342
In base 14, what is 6 - -6a098?
6a0a0
In base 2, what is -110000010011 - -100000?
-101111110011
In base 15, what is -4 - 5a9c?
-5aa1
In base 16, what is -1a + 2d02d?
2d013
In base 8, what is 1 - -6054411?
6054412
In base 14, what is 1 + 1424?
1425
In base 9, what is -48 - -658?
610
In base 15, what is -5 + -1bd6?
-1bdb
In base 6, what is 5 - -221113?
221122
In base 12, what is -b21b + 58?
-b183
In base 14, what is 2 + 594a?
594c
In base 6, what is 1 + 33520301?
33520302
In base 11, what is 2 + 76834?
76836
In base 14, what is -19a4a4 - 1?
-19a4a5
In base 16, what is 1646 - -3d?
1683
In base 4, what is 103130 - -1111?
110301
In base 5, what is 3300103 + 10?
3300113
In base 16, what is -9a + -2?
-9c
In base 16, what is 20f - -68?
277
In base 15, what is -4 + -1c84e?
-1c853
In base 15, what is -4eac8 + 17?
-4eab1
In base 2, what is 1001010 - 110101?
10101
In base 11, what is -13626 + -10?
-13636
In base 9, what is -5 - -5071?
5065
In base 11, what is 3 + 12385?
12388
In base 15, what is 5 + -17618?
-17613
In base 6, what is -33 - -3252244?
3252211
In base 6, what is 52531 - 23?
52504
In base 6, what is -44214 - -4?
-44210
In base 2, what is -1011011100 + -1?
-1011011101
In base 7, what is 5102 - -11?
5113
In base 8, what is 2366042 + -5?
2366035
In base 14, what is 164 + -162?
2
In base 2, what is 11001111011101101011 + 1?
11001111011101101100
In base 8, what is -174 + 24?
-150
In base 12, what is 11105 + 4?
11109
In base 16, what is 74 + -1137?
-10c3
In base 16, what is 5 - 42a5?
-42a0
In base 8, what is 1 + -14464?
-14463
In base 13, what is -7 + c41a?
c413
In base 14, what is -323b - -47?
-31d4
In base 10, what is 11 + 18?
29
In base 13, what is -121 + -180?
-2a1
In base 3, what is -10010220112 + 112?
-10010220000
In base 10, what is -1 - -63989?
63988
In base 6, what is 0 + -25140?
-25140
In base 7, what is -135 + -443?
-611
In base 8, what is -317653 - 47?
-317722
In base 3, what is 11010 - 20212201?
-20201121
In base 5, what is 10 - -13103?
13113
In base 16, what is 1b - 5a?
-3f
In base 16, what is -336 + -5?
-33b
In base 12, what is -18ba + 6?
-18b4
In base 10, what is -2931297 - -4?
-2931293
In base 10, what is -3395962 - 2?
-3395964
In base 15, what is 1c - 450?
-433
In base 6, what is -1204 + -1024?
-2232
In base 13, what is 24c82 + -1a?
24c65
In base 11, what is 76 + 11a?
195
In base 4, what is -112 - -1130203?
1130031
In base 11, what is a1 - -1406?
14a7
In base 11, what is 5 - 77731?
-77727
In base 11, what is 1a558 + -2?
1a556
In base 3, what is 1021022020 + 12?
1021022102
In base 2, what is -1001110010101111111 + -11?
-1001110010110000010
In base 10, what is 1286 - -2540?
3826
In base 12, what is 2 - -16908?
1690a
In base 13, what is 9 - 14a37?
-14a2b
In base 15, what is 641e - 1?
641d
In base 12, what is 0 - -5694?
5694
In base 9, what is -3565785 + 3?
-3565782
In base 10, what is -73 + -243?
-316
In base 16, what is -15 + -5bc0?
-5bd5
In base 8, what is 1045307 + 5?
1045314
In base 14, what is 2 - 74a?
-748
In base 14, what is 0 - 13ad58?
-13ad58
In base 4, what is 13201 + -110?
13031
In base 4, what is -113322133322 + -11?
-113322133333
In base 11, what is -4 + -7995?
-7999
In base 6, what is -143 - 34323?
-34510
In base 9, what is 16655 - -4?
16660
In base 6, what is 1031553232 + 0?
1031553232
In base 12, what is 236 + 8?
242
In base 15, what is 1 - -370c?
370d
In base 13, what is -b529 - -20?
-b509
In base 5, what is 10 - -1144310?
1144320
In base 6, what is -40425000 - -3?
-40424553
In base 13, what is -50 - 344?
-394
In base 16, what is -273 - -129?
-14a
In base 3, what is -101211020 - 1201?
-101212221
In base 3, what is -2021202112 + -2?
-2021202121
In base 3, what is -11110021 - -2022?
-11100222
In base 10, what is 12768 + 4?
12772
In base 13, what is -a36 + -4b9?
-1222
In base 